{"id":110,"date":"2020-12-04T12:07:24","date_gmt":"2020-12-04T12:07:24","guid":{"rendered":"https:\/\/aemoita.pt\/aemoita\/aemoita\/?page_id=110"},"modified":"2021-05-18T19:13:45","modified_gmt":"2021-05-18T19:13:45","slug":"a-vila-da-moita","status":"publish","type":"page","link":"https:\/\/aemoita.pt\/aemoita\/agrupamento\/a-vila-da-moita\/","title":{"rendered":"A vila da Moita"},"content":{"rendered":"\n<p>A Moita foi constru\u00edda no s\u00e9culo XVII, a Igreja Matriz de N.\u00aa Sr.\u00aa da Boa Viagem conserva duas pinturas sobre madeira do per\u00edodo maneirista, altares de talha dourada e azulejos setecentistas onde se narra a vida da Virgem. No Sal\u00e3o Nobre dos Pa\u00e7os do Concelho, pode ver-se uma curiosa galeria de retratos dos reis de Portugal, executada nos finais do s\u00e9culo XVIII. O n\u00facleo hist\u00f3rico, com origem nos s\u00e9culos XVI-XVII, \u00e9 constitu\u00eddo por um conjunto de ruas estreitas, paralelas ao rio, e casas antigas de onde se destaca a porta manuelina na Travessa do Alferes-Mor. No campo do patrim\u00f3nio industrial, a f\u00e1brica SOCORQUEX que, na d\u00e9cada de 40, foi mais a importante unidade fabril na produ\u00e7\u00e3o de aglomerados de corti\u00e7a, \u00e9 hoje um im\u00f3vel de interesse hist\u00f3rico cuja mem\u00f3ria o Munic\u00edpio pretende conservar. Ligadas \u00e0 actividade tradicional de transporte entre as duas margens do Tejo, o bote &#8220;Pombinha&#8221; e o varino &#8220;Boa Viagem&#8221;, embarca\u00e7\u00f5es t\u00edpicas, s\u00e3o usadas para passeios ao longo do rio na \u00e9poca de Ver\u00e3o (informa\u00e7\u00f5es na C\u00e2mara Municipal).<\/p>\n\n\n\n<div class=\"wp-block-group\"><div class=\"wp-block-group__inner-container is-layout-flow wp-block-group-is-layout-flow\">\n<div class=\"wp-block-image is-style-rounded\"><figure class=\"aligncenter size-large\"><img loading=\"lazy\" decoding=\"async\" width=\"145\" height=\"145\" src=\"https:\/\/aemoita.pt\/aemoita\/wp-content\/uploads\/2021\/05\/viladamoita_html_clip_image001_0001-1.jpg\" alt=\"\" class=\"wp-image-968\"\/><figcaption>Monumento<\/figcaption><\/figure><\/div>\n\n\n\n<p><strong>Tradi\u00e7\u00f5es<\/strong><\/p>\n<\/div><\/div>\n\n\n\n<p>A Festa Brava \u00e9 uma das maiores tradi\u00e7\u00f5es da Moita, movimentando em seu torno tert\u00falias e grupos de aficionados. As corridas de touros e as largadas no centro da vila s\u00e3o, por si s\u00f3, aut\u00eanticas festas populares que atraem milhares de visitantes que aqui v\u00eaem para participar nestes momentos de alegria e de cor. As largadas e corridas di\u00e1rias s\u00e3o tamb\u00e9m um dos principais atractivos da Festa de N.\u00aa Sr.\u00aa da Boa Viagem que se realiza em Setembro, a par de imponente prociss\u00e3o que os pescadores e fragateiros fazem \u00e0 sua padroeira, do concurso de barcos engalanados no cais, da feira franca, dos arrais, do folclore e do fogo de artif\u00edcio. Esta festa \u00e9 hoje a que tem maior projec\u00e7\u00e3o dentro do concelho e \u00e9 uma das mais importantes da margem Sul do Tejo. Remonta, provavelmente, ao fim do s\u00e9culo XVII, sendo nos nossos dias uma s\u00edntese entre as festividades religiosas e profanas, mar\u00edtimas e rurais. As celebra\u00e7\u00f5es religiosas mar\u00edtimas centram-se, sobretudo, no primeiro Domingo das festas, com a prociss\u00e3o, b\u00ean\u00e7\u00e3o das embarca\u00e7\u00f5es e cortejo de Barcos tradicionais do Tejo, onde se incluem, para al\u00e9m das embarca\u00e7\u00f5es &#8220;A Pombinha&#8221; e o &#8220;Boa Viagem&#8221;, catraios de todo o concelho, de Alcochete, Montijo, Barreiro, etc. O lado profano e rural tem na festa brava principal manifesta\u00e7\u00e3o, pois no decorrer das festividades realizam-se largadas de toiros, sendo certo que as suas corridas s\u00e3o consideradas das mais importantes do pa\u00eds.<\/p>\n\n\n\n<div class=\"wp-block-image is-style-rounded\"><figure class=\"aligncenter size-large\"><img loading=\"lazy\" decoding=\"async\" width=\"145\" height=\"145\" src=\"https:\/\/aemoita.pt\/aemoita\/wp-content\/uploads\/2021\/05\/viladamoita_html_clip_image001_0000-2.jpg\" alt=\"\" class=\"wp-image-967\"\/><figcaption>Prociss\u00e3o de N.\u00aa Sr.\u00aa da Boa Viagem<\/figcaption><\/figure><\/div>\n","protected":false},"excerpt":{"rendered":"<p>A Moita foi constru\u00edda no s\u00e9culo XVII, a Igreja Matriz de N.\u00aa Sr.\u00aa da Boa Viagem conserva duas pinturas sobre madeira do per\u00edodo maneirista, altares de talha dourada e azulejos setecentistas onde se narra a vida da Virgem. No Sal\u00e3o Nobre dos Pa\u00e7os do Concelho, pode ver-se uma curiosa galeria de retratos dos reis de [&hellip;]<\/p>\n","protected":false},"author":1,"featured_media":0,"parent":201,"menu_order":0,"comment_status":"closed","ping_status":"closed","template":"","meta":{"footnotes":""},"class_list":["post-110","page","type-page","status-publish","hentry"],"_links":{"self":[{"href":"https:\/\/aemoita.pt\/aemoita\/wp-json\/wp\/v2\/pages\/110","targetHints":{"allow":["GET"]}}],"collection":[{"href":"https:\/\/aemoita.pt\/aemoita\/wp-json\/wp\/v2\/pages"}],"about":[{"href":"https:\/\/aemoita.pt\/aemoita\/wp-json\/wp\/v2\/types\/page"}],"author":[{"embeddable":true,"href":"https:\/\/aemoita.pt\/aemoita\/wp-json\/wp\/v2\/users\/1"}],"replies":[{"embeddable":true,"href":"https:\/\/aemoita.pt\/aemoita\/wp-json\/wp\/v2\/comments?post=110"}],"version-history":[{"count":3,"href":"https:\/\/aemoita.pt\/aemoita\/wp-json\/wp\/v2\/pages\/110\/revisions"}],"predecessor-version":[{"id":979,"href":"https:\/\/aemoita.pt\/aemoita\/wp-json\/wp\/v2\/pages\/110\/revisions\/979"}],"up":[{"embeddable":true,"href":"https:\/\/aemoita.pt\/aemoita\/wp-json\/wp\/v2\/pages\/201"}],"wp:attachment":[{"href":"https:\/\/aemoita.pt\/aemoita\/wp-json\/wp\/v2\/media?parent=110"}],"curies":[{"name":"wp","href":"https:\/\/api.w.org\/{rel}","templated":true}]}}