{"id":173,"date":"2020-12-14T22:23:41","date_gmt":"2020-12-14T22:23:41","guid":{"rendered":"https:\/\/aemoita.pt\/aemoita\/aemoita\/?page_id=173"},"modified":"2020-12-15T21:27:33","modified_gmt":"2020-12-15T21:27:33","slug":"a-escola-secundaria-da-moita","status":"publish","type":"page","link":"https:\/\/aemoita.pt\/aemoita\/agrupamento\/a-escola-secundaria-da-moita\/","title":{"rendered":"A Escola Secund\u00e1ria da Moita"},"content":{"rendered":"\n<p>A Escola foi inicialmente constru\u00edda para funcionar como liceu. At\u00e9 ao final do ano lectivo 2007\/2008, a escola era constitu\u00edda na sua quase totalidade por v\u00e1rios pavilh\u00f5es pr\u00e9-fabricados, apresentando um acentuado desgaste, constituindo por si s\u00f3, um aspecto pouco motivador para quem pretende ensinar e aprender dentro dela.<\/p>\n\n\n\n<p>Todas as salas apresentavam um desgaste interior, pelo que foram feitas v\u00e1rias tentativas no sentido de melhorar por forma a motivar os alunos especificamente, e a comunidade escolar em geral e, projectar uma imagem mais positiva da mesma junto da comunidade a quem serve, h\u00e1 mais de 30 anos.<\/p>\n\n\n\n<p>No in\u00edcio do ano lectivo 2008\/2009, ficou pronta a primeira fase da escola nova, implantada no mesmo terreno e at\u00e9 ao final do segundo per\u00edodo esteve em funcionamento uma parte da escola antiga (a funcionar apenas como salas de aulas) e uma parte da escola nova (com algumas Salas de Aulas, Refeit\u00f3rio, Bar, Sala de Professores, Servi\u00e7os Administrativos e \u00d3rg\u00e3o de Gest\u00e3o). No fim do segundo per\u00edodo foi entregue a 2\u00aa fase da obra pelo que todas as aulas passaram a funcionar no edif\u00edcio da escola nova. A constru\u00e7\u00e3o da terceira fase \u2013 campos de jogos, foi conclu\u00edda em Julho.<\/p>\n\n\n\n<p>No ano lectivo de 2009\/2010, todas as infra-estruturas da escola ficaram operacionais, e finalmente, ap\u00f3s algumas d\u00e9cadas de luta, a Nova Escola est\u00e1 pronta.<\/p>\n\n\n\n<p>Neste momento o espa\u00e7o f\u00edsico da Escola \u00e9 constitu\u00eddo por:<\/p>\n\n\n\n<div class=\"wp-block-columns is-layout-flex wp-container-core-columns-is-layout-9d6595d7 wp-block-columns-is-layout-flex\">\n<div class=\"wp-block-column is-layout-flow wp-block-column-is-layout-flow\">\n<ul class=\"wp-block-list\"><li>Gabinetes do \u00f3rg\u00e3o de gest\u00e3o<\/li><li>Gabinete dos Servi\u00e7os de Psicologia e Orienta\u00e7\u00e3o<\/li><li>Secretaria<\/li><li>PBX<\/li><li>Bar e Refeit\u00f3rio<\/li><li>Arquivo<\/li><li>2 WC alunos e 2 WC alunas<\/li><li>2 WC professores e funcion\u00e1rios<\/li><li>Sala de Directores de Turma<\/li><li>Sala de Recep\u00e7\u00e3o dos Encarregados de Educa\u00e7\u00e3o<\/li><li>Sala dos Professores<\/li><li>Papelaria e Reprografia<\/li><li>Laborat\u00f3rio de F\u00edsica<\/li><li>Laborat\u00f3rio de Qu\u00edmica<\/li><li>Laborat\u00f3rio de Biologia<\/li><\/ul>\n<\/div>\n\n\n\n<div class=\"wp-block-column is-layout-flow wp-block-column-is-layout-flow\">\n<ul class=\"wp-block-list\" id=\"block-0c6fce5c-cb81-4068-a7f6-1a553e7adff5\"><li>Laborat\u00f3rio de Geologia<\/li><li>25 Salas de aula normal<\/li><li>2 Salas de Inform\u00e1tica<\/li><li>2 Laborat\u00f3rios de Inform\u00e1tica<\/li><li>CNO(1 gabinete de coordena\u00e7\u00e3o e 2 salas )<\/li><li>Pavilh\u00e3o de Educa\u00e7\u00e3o F\u00edsica \u2013 inclui uma Sala para o grupo de Educa\u00e7\u00e3o F\u00edsica, e Balne\u00e1rios femininos e masculinos<\/li><li>Pavilh\u00e3o da Constru\u00e7\u00e3o Civil &#8211; Salas de aula, sala de desenho t\u00e9cnico, oficinas, balne\u00e1rios, Associa\u00e7\u00e3o de Estudantes e Gabinete de apoio ao aluno<\/li><li>Campos de jogos&nbsp;<\/li><\/ul>\n\n\n\n<p><\/p>\n<\/div>\n<\/div>\n\n\n\n<p>Finalmente a Nova Escola:<\/p>\n\n\n\n<figure class=\"wp-block-gallery columns-3 is-cropped wp-block-gallery-1 is-layout-flex wp-block-gallery-is-layout-flex\"><ul class=\"blocks-gallery-grid\"><li class=\"blocks-gallery-item\"><figure><a href=\"https:\/\/aemoita.pt\/aemoita\/aemoita\/wp-content\/uploads\/2020\/12\/frente1-1024x672.jpg\"><img loading=\"lazy\" decoding=\"async\" width=\"1024\" height=\"672\" src=\"https:\/\/aemoita.pt\/aemoita\/aemoita\/wp-content\/uploads\/2020\/12\/frente1-1024x672.jpg\" alt=\"\" data-id=\"174\" data-link=\"https:\/\/aemoita.pt\/aemoita\/aemoita\/?attachment_id=174\" class=\"wp-image-174\" srcset=\"https:\/\/aemoita.pt\/aemoita\/wp-content\/uploads\/2020\/12\/frente1-1024x672.jpg 1024w, https:\/\/aemoita.pt\/aemoita\/wp-content\/uploads\/2020\/12\/frente1-300x197.jpg 300w, https:\/\/aemoita.pt\/aemoita\/wp-content\/uploads\/2020\/12\/frente1-768x504.jpg 768w, https:\/\/aemoita.pt\/aemoita\/wp-content\/uploads\/2020\/12\/frente1-1536x1009.jpg 1536w, https:\/\/aemoita.pt\/aemoita\/wp-content\/uploads\/2020\/12\/frente1-2048x1345.jpg 2048w\" sizes=\"auto, (max-width: 1024px) 100vw, 1024px\" \/><\/a><\/figure><\/li><li class=\"blocks-gallery-item\"><figure><a href=\"https:\/\/aemoita.pt\/aemoita\/aemoita\/wp-content\/uploads\/2020\/12\/panoramica1-1024x664.jpg\"><img loading=\"lazy\" decoding=\"async\" width=\"1024\" height=\"664\" src=\"https:\/\/aemoita.pt\/aemoita\/aemoita\/wp-content\/uploads\/2020\/12\/panoramica1-1024x664.jpg\" alt=\"\" data-id=\"177\" data-link=\"https:\/\/aemoita.pt\/aemoita\/aemoita\/?attachment_id=177\" class=\"wp-image-177\" srcset=\"https:\/\/aemoita.pt\/aemoita\/wp-content\/uploads\/2020\/12\/panoramica1-1024x664.jpg 1024w, https:\/\/aemoita.pt\/aemoita\/wp-content\/uploads\/2020\/12\/panoramica1-300x194.jpg 300w, https:\/\/aemoita.pt\/aemoita\/wp-content\/uploads\/2020\/12\/panoramica1-768x498.jpg 768w, https:\/\/aemoita.pt\/aemoita\/wp-content\/uploads\/2020\/12\/panoramica1-1536x996.jpg 1536w, https:\/\/aemoita.pt\/aemoita\/wp-content\/uploads\/2020\/12\/panoramica1-2048x1328.jpg 2048w\" sizes=\"auto, (max-width: 1024px) 100vw, 1024px\" \/><\/a><\/figure><\/li><li class=\"blocks-gallery-item\"><figure><a href=\"https:\/\/aemoita.pt\/aemoita\/aemoita\/wp-content\/uploads\/2020\/12\/portaria1.jpg\"><img loading=\"lazy\" decoding=\"async\" width=\"1024\" height=\"659\" src=\"https:\/\/aemoita.pt\/aemoita\/aemoita\/wp-content\/uploads\/2020\/12\/portaria1-1024x659.jpg\" alt=\"\" data-id=\"181\" data-full-url=\"https:\/\/aemoita.pt\/aemoita\/aemoita\/wp-content\/uploads\/2020\/12\/portaria1.jpg\" data-link=\"https:\/\/aemoita.pt\/aemoita\/aemoita\/?attachment_id=181\" class=\"wp-image-181\" srcset=\"https:\/\/aemoita.pt\/aemoita\/wp-content\/uploads\/2020\/12\/portaria1-1024x659.jpg 1024w, https:\/\/aemoita.pt\/aemoita\/wp-content\/uploads\/2020\/12\/portaria1-300x193.jpg 300w, https:\/\/aemoita.pt\/aemoita\/wp-content\/uploads\/2020\/12\/portaria1-768x494.jpg 768w, https:\/\/aemoita.pt\/aemoita\/wp-content\/uploads\/2020\/12\/portaria1-1536x989.jpg 1536w, https:\/\/aemoita.pt\/aemoita\/wp-content\/uploads\/2020\/12\/portaria1.jpg 1600w\" sizes=\"auto, (max-width: 1024px) 100vw, 1024px\" \/><\/a><\/figure><\/li><li class=\"blocks-gallery-item\"><figure><a href=\"https:\/\/aemoita.pt\/aemoita\/aemoita\/wp-content\/uploads\/2020\/12\/biblioteca1-1024x768.jpg\"><img loading=\"lazy\" decoding=\"async\" width=\"1024\" height=\"768\" src=\"https:\/\/aemoita.pt\/aemoita\/aemoita\/wp-content\/uploads\/2020\/12\/biblioteca1-1024x768.jpg\" alt=\"\" data-id=\"179\" data-link=\"https:\/\/aemoita.pt\/aemoita\/aemoita\/?attachment_id=179\" class=\"wp-image-179\" srcset=\"https:\/\/aemoita.pt\/aemoita\/wp-content\/uploads\/2020\/12\/biblioteca1-1024x768.jpg 1024w, https:\/\/aemoita.pt\/aemoita\/wp-content\/uploads\/2020\/12\/biblioteca1-300x225.jpg 300w, https:\/\/aemoita.pt\/aemoita\/wp-content\/uploads\/2020\/12\/biblioteca1-768x576.jpg 768w, https:\/\/aemoita.pt\/aemoita\/wp-content\/uploads\/2020\/12\/biblioteca1-1536x1152.jpg 1536w, https:\/\/aemoita.pt\/aemoita\/wp-content\/uploads\/2020\/12\/biblioteca1-2048x1536.jpg 2048w\" sizes=\"auto, (max-width: 1024px) 100vw, 1024px\" \/><\/a><\/figure><\/li><li class=\"blocks-gallery-item\"><figure><a href=\"https:\/\/aemoita.pt\/aemoita\/aemoita\/wp-content\/uploads\/2020\/12\/exterior1.jpg\"><img loading=\"lazy\" decoding=\"async\" width=\"615\" height=\"461\" src=\"https:\/\/aemoita.pt\/aemoita\/aemoita\/wp-content\/uploads\/2020\/12\/exterior1.jpg\" alt=\"\" data-id=\"180\" data-link=\"https:\/\/aemoita.pt\/aemoita\/aemoita\/?attachment_id=180\" class=\"wp-image-180\" srcset=\"https:\/\/aemoita.pt\/aemoita\/wp-content\/uploads\/2020\/12\/exterior1.jpg 615w, https:\/\/aemoita.pt\/aemoita\/wp-content\/uploads\/2020\/12\/exterior1-300x225.jpg 300w\" sizes=\"auto, (max-width: 615px) 100vw, 615px\" \/><\/a><\/figure><\/li><li class=\"blocks-gallery-item\"><figure><a href=\"https:\/\/aemoita.pt\/aemoita\/aemoita\/wp-content\/uploads\/2020\/12\/auditorio1-1024x768.jpg\"><img loading=\"lazy\" decoding=\"async\" width=\"1024\" height=\"768\" src=\"https:\/\/aemoita.pt\/aemoita\/aemoita\/wp-content\/uploads\/2020\/12\/auditorio1-1024x768.jpg\" alt=\"\" data-id=\"178\" data-link=\"https:\/\/aemoita.pt\/aemoita\/aemoita\/?attachment_id=178\" class=\"wp-image-178\" srcset=\"https:\/\/aemoita.pt\/aemoita\/wp-content\/uploads\/2020\/12\/auditorio1-1024x768.jpg 1024w, https:\/\/aemoita.pt\/aemoita\/wp-content\/uploads\/2020\/12\/auditorio1-300x225.jpg 300w, https:\/\/aemoita.pt\/aemoita\/wp-content\/uploads\/2020\/12\/auditorio1-768x576.jpg 768w, https:\/\/aemoita.pt\/aemoita\/wp-content\/uploads\/2020\/12\/auditorio1-1536x1152.jpg 1536w, https:\/\/aemoita.pt\/aemoita\/wp-content\/uploads\/2020\/12\/auditorio1-2048x1536.jpg 2048w\" sizes=\"auto, (max-width: 1024px) 100vw, 1024px\" \/><\/a><\/figure><\/li><li class=\"blocks-gallery-item\"><figure><a href=\"https:\/\/aemoita.pt\/aemoita\/aemoita\/wp-content\/uploads\/2020\/12\/ginasio1-1024x768.jpg\"><img loading=\"lazy\" decoding=\"async\" width=\"1024\" height=\"768\" src=\"https:\/\/aemoita.pt\/aemoita\/aemoita\/wp-content\/uploads\/2020\/12\/ginasio1-1024x768.jpg\" alt=\"\" data-id=\"175\" data-link=\"https:\/\/aemoita.pt\/aemoita\/aemoita\/?attachment_id=175\" class=\"wp-image-175\" srcset=\"https:\/\/aemoita.pt\/aemoita\/wp-content\/uploads\/2020\/12\/ginasio1-1024x768.jpg 1024w, https:\/\/aemoita.pt\/aemoita\/wp-content\/uploads\/2020\/12\/ginasio1-300x225.jpg 300w, https:\/\/aemoita.pt\/aemoita\/wp-content\/uploads\/2020\/12\/ginasio1-768x576.jpg 768w, https:\/\/aemoita.pt\/aemoita\/wp-content\/uploads\/2020\/12\/ginasio1-1536x1152.jpg 1536w, https:\/\/aemoita.pt\/aemoita\/wp-content\/uploads\/2020\/12\/ginasio1-2048x1536.jpg 2048w\" sizes=\"auto, (max-width: 1024px) 100vw, 1024px\" \/><\/a><\/figure><\/li><li class=\"blocks-gallery-item\"><figure><a href=\"https:\/\/aemoita.pt\/aemoita\/aemoita\/wp-content\/uploads\/2020\/12\/labinf1-1024x768.jpg\"><img loading=\"lazy\" decoding=\"async\" width=\"1024\" height=\"768\" src=\"https:\/\/aemoita.pt\/aemoita\/aemoita\/wp-content\/uploads\/2020\/12\/labinf1-1024x768.jpg\" alt=\"\" data-id=\"176\" data-link=\"https:\/\/aemoita.pt\/aemoita\/aemoita\/?attachment_id=176\" class=\"wp-image-176\" srcset=\"https:\/\/aemoita.pt\/aemoita\/wp-content\/uploads\/2020\/12\/labinf1-1024x768.jpg 1024w, https:\/\/aemoita.pt\/aemoita\/wp-content\/uploads\/2020\/12\/labinf1-300x225.jpg 300w, https:\/\/aemoita.pt\/aemoita\/wp-content\/uploads\/2020\/12\/labinf1-768x576.jpg 768w, https:\/\/aemoita.pt\/aemoita\/wp-content\/uploads\/2020\/12\/labinf1-1536x1152.jpg 1536w, https:\/\/aemoita.pt\/aemoita\/wp-content\/uploads\/2020\/12\/labinf1-2048x1536.jpg 2048w\" sizes=\"auto, (max-width: 1024px) 100vw, 1024px\" \/><\/a><\/figure><\/li><\/ul><\/figure>\n","protected":false},"excerpt":{"rendered":"<p>A Escola foi inicialmente constru\u00edda para funcionar como liceu. At\u00e9 ao final do ano lectivo 2007\/2008, a escola era constitu\u00edda na sua quase totalidade por v\u00e1rios pavilh\u00f5es pr\u00e9-fabricados, apresentando um acentuado desgaste, constituindo por si s\u00f3, um aspecto pouco motivador para quem pretende ensinar e aprender dentro dela. Todas as salas apresentavam um desgaste interior, [&hellip;]<\/p>\n","protected":false},"author":1,"featured_media":0,"parent":201,"menu_order":0,"comment_status":"closed","ping_status":"closed","template":"","meta":{"footnotes":""},"class_list":["post-173","page","type-page","status-publish","hentry"],"_links":{"self":[{"href":"https:\/\/aemoita.pt\/aemoita\/wp-json\/wp\/v2\/pages\/173","targetHints":{"allow":["GET"]}}],"collection":[{"href":"https:\/\/aemoita.pt\/aemoita\/wp-json\/wp\/v2\/pages"}],"about":[{"href":"https:\/\/aemoita.pt\/aemoita\/wp-json\/wp\/v2\/types\/page"}],"author":[{"embeddable":true,"href":"https:\/\/aemoita.pt\/aemoita\/wp-json\/wp\/v2\/users\/1"}],"replies":[{"embeddable":true,"href":"https:\/\/aemoita.pt\/aemoita\/wp-json\/wp\/v2\/comments?post=173"}],"version-history":[{"count":2,"href":"https:\/\/aemoita.pt\/aemoita\/wp-json\/wp\/v2\/pages\/173\/revisions"}],"predecessor-version":[{"id":185,"href":"https:\/\/aemoita.pt\/aemoita\/wp-json\/wp\/v2\/pages\/173\/revisions\/185"}],"up":[{"embeddable":true,"href":"https:\/\/aemoita.pt\/aemoita\/wp-json\/wp\/v2\/pages\/201"}],"wp:attachment":[{"href":"https:\/\/aemoita.pt\/aemoita\/wp-json\/wp\/v2\/media?parent=173"}],"curies":[{"name":"wp","href":"https:\/\/api.w.org\/{rel}","templated":true}]}}