{"id":203,"date":"2020-12-19T12:43:31","date_gmt":"2020-12-19T12:43:31","guid":{"rendered":"https:\/\/aemoita.pt\/aemoita\/aemoita\/?page_id=203"},"modified":"2025-11-25T17:55:07","modified_gmt":"2025-11-25T17:55:07","slug":"administracao-e-gestao","status":"publish","type":"page","link":"https:\/\/aemoita.pt\/aemoita\/agrupamento\/administracao-e-gestao\/","title":{"rendered":"Administra\u00e7\u00e3o e Gest\u00e3o"},"content":{"rendered":"<div class=\"wp-block-image\">\n<figure class=\"aligncenter size-large\"><img loading=\"lazy\" decoding=\"async\" width=\"1024\" height=\"416\" src=\"https:\/\/aemoita.pt\/aemoita\/wp-content\/uploads\/2025\/11\/image-3-1024x416.png\" alt=\"\" class=\"wp-image-5687\" srcset=\"https:\/\/aemoita.pt\/aemoita\/wp-content\/uploads\/2025\/11\/image-3-1024x416.png 1024w, https:\/\/aemoita.pt\/aemoita\/wp-content\/uploads\/2025\/11\/image-3-300x122.png 300w, https:\/\/aemoita.pt\/aemoita\/wp-content\/uploads\/2025\/11\/image-3-768x312.png 768w, https:\/\/aemoita.pt\/aemoita\/wp-content\/uploads\/2025\/11\/image-3.png 1061w\" sizes=\"auto, (max-width: 1024px) 100vw, 1024px\" \/><\/figure><\/div>\n\n\n<figure class=\"wp-block-table is-style-stripes\"><table class=\"has-background has-fixed-layout\" style=\"background-color:#f3f4f5\"><tbody><tr><td>Diretor<\/td><td>Jo\u00e3o Carlos Lopes<\/td><\/tr><tr><td>Subdiretor<\/td><td>Fernando Jos\u00e9 Gil Sim\u00f5es<\/td><\/tr><tr><td>Adjunta (Pr\u00e9 Escolar e 1\u00baCiclo)<\/td><td>Carla Sofia Gon\u00e7alves Bolinhas Miranda Patronilho<\/td><\/tr><tr><td>Adjunta (2\u00ba e 3\u00ba Ciclos)<\/td><td>Paula Cristina Martins dos Santos<\/td><\/tr><tr><td>Adjunta (Secund\u00e1rio)<\/td><td>Rosa Maria Moutinho Machado Vasconcelos Nunes<\/td><\/tr><tr><td>Assessor (Ensino Noturno)<\/td><td>Manuel Galvoeira Borges<\/td><\/tr><tr><td>Assessora (Administrativo)<\/td><td>Maria Jos\u00e9 Alegria Charrua<\/td><\/tr><tr><td>Assessora (Inform\u00e1tica)<\/td><td>Susana Sousa Fa\u00edsca G. S. Ferreira<\/td><\/tr><tr><td>Assessora (Pr\u00e9 Escolar e 1\u00baCiclo)<\/td><td>Elisabete Maria Concei\u00e7\u00e3o Pereira Godinho<\/td><\/tr><tr><td>Assessor (2\u00ba e 3\u00baCiclos)<\/td><td>Carlos Duarte Ser\u00f4dio Moutinho<\/td><\/tr><tr><td>Assessora (Secund\u00e1rio)<\/td><td>Sara Alexandra C. Cruz Fulg\u00eancio<\/td><\/tr><tr><td>Assessora (Secund\u00e1rio)<\/td><td>Nat\u00e9rcia de Lurdes Gaspar Vidigal Pires Costa<\/td><\/tr><\/tbody><\/table><\/figure>\n","protected":false},"excerpt":{"rendered":"<p>Diretor Jo\u00e3o Carlos Lopes Subdiretor Fernando Jos\u00e9 Gil Sim\u00f5es Adjunta (Pr\u00e9 Escolar e 1\u00baCiclo) Carla Sofia Gon\u00e7alves Bolinhas Miranda Patronilho Adjunta (2\u00ba e 3\u00ba Ciclos) Paula Cristina Martins dos Santos Adjunta (Secund\u00e1rio) Rosa Maria Moutinho Machado Vasconcelos Nunes Assessor (Ensino Noturno) Manuel Galvoeira Borges Assessora (Administrativo) Maria Jos\u00e9 Alegria Charrua Assessora (Inform\u00e1tica) Susana Sousa Fa\u00edsca [&hellip;]<\/p>\n","protected":false},"author":1,"featured_media":261,"parent":201,"menu_order":1,"comment_status":"closed","ping_status":"closed","template":"","meta":{"footnotes":""},"class_list":["post-203","page","type-page","status-publish","has-post-thumbnail","hentry"],"_links":{"self":[{"href":"https:\/\/aemoita.pt\/aemoita\/wp-json\/wp\/v2\/pages\/203","targetHints":{"allow":["GET"]}}],"collection":[{"href":"https:\/\/aemoita.pt\/aemoita\/wp-json\/wp\/v2\/pages"}],"about":[{"href":"https:\/\/aemoita.pt\/aemoita\/wp-json\/wp\/v2\/types\/page"}],"author":[{"embeddable":true,"href":"https:\/\/aemoita.pt\/aemoita\/wp-json\/wp\/v2\/users\/1"}],"replies":[{"embeddable":true,"href":"https:\/\/aemoita.pt\/aemoita\/wp-json\/wp\/v2\/comments?post=203"}],"version-history":[{"count":6,"href":"https:\/\/aemoita.pt\/aemoita\/wp-json\/wp\/v2\/pages\/203\/revisions"}],"predecessor-version":[{"id":5688,"href":"https:\/\/aemoita.pt\/aemoita\/wp-json\/wp\/v2\/pages\/203\/revisions\/5688"}],"up":[{"embeddable":true,"href":"https:\/\/aemoita.pt\/aemoita\/wp-json\/wp\/v2\/pages\/201"}],"wp:featuredmedia":[{"embeddable":true,"href":"https:\/\/aemoita.pt\/aemoita\/wp-json\/wp\/v2\/media\/261"}],"wp:attachment":[{"href":"https:\/\/aemoita.pt\/aemoita\/wp-json\/wp\/v2\/media?parent=203"}],"curies":[{"name":"wp","href":"https:\/\/api.w.org\/{rel}","templated":true}]}}