{"id":3435,"date":"2024-01-19T11:29:09","date_gmt":"2024-01-19T11:29:09","guid":{"rendered":"https:\/\/aemoita.pt\/aemoita\/?page_id=3435"},"modified":"2025-11-24T14:56:11","modified_gmt":"2025-11-24T14:56:11","slug":"servico-de-psicologia-e-orientacao","status":"publish","type":"page","link":"https:\/\/aemoita.pt\/aemoita\/servico-de-psicologia-e-orientacao\/","title":{"rendered":"Servi\u00e7o de Psicologia e Orienta\u00e7\u00e3o"},"content":{"rendered":"\n<p><strong>O que \u00e9 o SPO<\/strong><strong><\/strong><\/p>\n\n\n\n<p>\u00c9 uma estrutura especializada de apoio e orienta\u00e7\u00e3o educativa, que tem como objetivo contribuir para a igualdade de oportunidades, promo\u00e7\u00e3o do sucesso educativo e aproxima\u00e7\u00e3o entre a fam\u00edlia e a escola.<\/p>\n\n\n\n<p><strong>Interven\u00e7\u00e3o<\/strong><strong><\/strong><\/p>\n\n\n\n<p>Atua de forma integrada e em estreita articula\u00e7\u00e3o com a comunidade educativa, corpo docente e n\u00e3o docente, encarregados\/as de educa\u00e7\u00e3o e outros agentes educativos do meio envolvente.<\/p>\n\n\n\n<p><strong>\u00c1reas<\/strong><strong><\/strong><\/p>\n\n\n\n<p>Desenvolve a sua atividade nos dom\u00ednios:<\/p>\n\n\n\n<ul class=\"wp-block-list\">\n<li>Apoio psicopedag\u00f3gico a alunos\/as e docentes;<\/li>\n\n\n\n<li>Desenvolvimento do sistema de rela\u00e7\u00f5es da comunidade escolar;<\/li>\n\n\n\n<li>Orienta\u00e7\u00e3o escolar e profissional.<\/li>\n<\/ul>\n\n\n\n<p><strong>Quem somos<\/strong><\/p>\n\n\n\n<ul class=\"wp-block-list\">\n<li><strong>EQUIPA<\/strong>\n<ul class=\"wp-block-list\">\n<li>Ana Laginha (<a href=\"mailto:ana.laginha@aemoita.pt\"><strong><mark style=\"background-color:rgba(0, 0, 0, 0)\" class=\"has-inline-color has-vivid-cyan-blue-color\">ana.laginha@aemoita.pt<\/mark><\/strong><\/a>)<\/li>\n\n\n\n<li>In\u00eas Nunes (<a href=\"mailto:ines.nunes@aemoita.pt\"><strong><mark style=\"background-color:rgba(0, 0, 0, 0)\" class=\"has-inline-color has-vivid-cyan-blue-color\">ines.nunes@aemoita.pt<\/mark><\/strong><\/a>)<\/li>\n\n\n\n<li>Pedro Chucha (<a href=\"mailto:pedro.chucha@aemoita.pt\"><mark style=\"background-color:rgba(0, 0, 0, 0)\" class=\"has-inline-color has-vivid-cyan-blue-color\"><strong>pedro.chucha@aemoita.pt<\/strong><\/mark><\/a>)<\/li>\n<\/ul>\n<\/li>\n<\/ul>\n\n\n\n<p><strong>O que fazemos:<\/strong><\/p>\n\n\n\n<ul class=\"wp-block-list\">\n<li>Orienta\u00e7\u00e3o Escolar e Profissional;<\/li>\n\n\n\n<li>Ingresso no Ensino Superior (<a href=\"https:\/\/aemoita.pt\/aemoita\/wp-content\/uploads\/2024\/01\/12-e-agora-pagina.pdf\" target=\"_blank\" rel=\"noreferrer noopener\"><strong><mark style=\"background-color:rgba(0, 0, 0, 0)\" class=\"has-inline-color has-vivid-cyan-blue-color\">Orienta\u00e7\u00f5es<\/mark><\/strong><\/a>);<\/li>\n\n\n\n<li>Apoio Psicopedag\u00f3gico;<\/li>\n\n\n\n<li>Educa\u00e7\u00e3o Inclusiva;<\/li>\n\n\n\n<li>Participa\u00e7\u00e3o em Projetos.<\/li>\n<\/ul>\n\n\n\n<p><\/p>\n\n\n\n<p><\/p>\n","protected":false},"excerpt":{"rendered":"<p>O que \u00e9 o SPO \u00c9 uma estrutura especializada de apoio e orienta\u00e7\u00e3o educativa, que tem como objetivo contribuir para a igualdade de oportunidades, promo\u00e7\u00e3o do sucesso educativo e aproxima\u00e7\u00e3o entre a fam\u00edlia e a escola. Interven\u00e7\u00e3o Atua de forma integrada e em estreita articula\u00e7\u00e3o com a comunidade educativa, corpo docente e n\u00e3o docente, encarregados\/as [&hellip;]<\/p>\n","protected":false},"author":1,"featured_media":0,"parent":0,"menu_order":0,"comment_status":"closed","ping_status":"closed","template":"","meta":{"footnotes":""},"class_list":["post-3435","page","type-page","status-publish","hentry"],"_links":{"self":[{"href":"https:\/\/aemoita.pt\/aemoita\/wp-json\/wp\/v2\/pages\/3435","targetHints":{"allow":["GET"]}}],"collection":[{"href":"https:\/\/aemoita.pt\/aemoita\/wp-json\/wp\/v2\/pages"}],"about":[{"href":"https:\/\/aemoita.pt\/aemoita\/wp-json\/wp\/v2\/types\/page"}],"author":[{"embeddable":true,"href":"https:\/\/aemoita.pt\/aemoita\/wp-json\/wp\/v2\/users\/1"}],"replies":[{"embeddable":true,"href":"https:\/\/aemoita.pt\/aemoita\/wp-json\/wp\/v2\/comments?post=3435"}],"version-history":[{"count":8,"href":"https:\/\/aemoita.pt\/aemoita\/wp-json\/wp\/v2\/pages\/3435\/revisions"}],"predecessor-version":[{"id":5674,"href":"https:\/\/aemoita.pt\/aemoita\/wp-json\/wp\/v2\/pages\/3435\/revisions\/5674"}],"wp:attachment":[{"href":"https:\/\/aemoita.pt\/aemoita\/wp-json\/wp\/v2\/media?parent=3435"}],"curies":[{"name":"wp","href":"https:\/\/api.w.org\/{rel}","templated":true}]}}