{"id":5005,"date":"2025-04-03T19:11:04","date_gmt":"2025-04-03T19:11:04","guid":{"rendered":"https:\/\/aemoita.pt\/aemoita\/?page_id=5005"},"modified":"2026-04-28T21:06:32","modified_gmt":"2026-04-28T21:06:32","slug":"calendario-de-matriculas-e-de-renovacoes-para-o-ano-letivo-de-2026-2027","status":"publish","type":"page","link":"https:\/\/aemoita.pt\/aemoita\/calendario-de-matriculas-e-de-renovacoes-para-o-ano-letivo-de-2026-2027\/","title":{"rendered":"Calend\u00e1rio de matr\u00edculas e de renova\u00e7\u00f5es para o ano letivo de 2026 -2027"},"content":{"rendered":"<div class=\"wp-block-image\">\n<figure class=\"aligncenter size-large is-resized\"><img loading=\"lazy\" decoding=\"async\" width=\"1024\" height=\"1024\" src=\"https:\/\/aemoita.pt\/aemoita\/wp-content\/uploads\/2026\/04\/ChatGPT-Image-Apr-23-2026-03_54_52-PM-1024x1024.png\" alt=\"\" class=\"wp-image-6431\" style=\"width:215px;height:auto\" srcset=\"https:\/\/aemoita.pt\/aemoita\/wp-content\/uploads\/2026\/04\/ChatGPT-Image-Apr-23-2026-03_54_52-PM-1024x1024.png 1024w, https:\/\/aemoita.pt\/aemoita\/wp-content\/uploads\/2026\/04\/ChatGPT-Image-Apr-23-2026-03_54_52-PM-300x300.png 300w, https:\/\/aemoita.pt\/aemoita\/wp-content\/uploads\/2026\/04\/ChatGPT-Image-Apr-23-2026-03_54_52-PM-150x150.png 150w, https:\/\/aemoita.pt\/aemoita\/wp-content\/uploads\/2026\/04\/ChatGPT-Image-Apr-23-2026-03_54_52-PM-768x768.png 768w, https:\/\/aemoita.pt\/aemoita\/wp-content\/uploads\/2026\/04\/ChatGPT-Image-Apr-23-2026-03_54_52-PM.png 1254w\" sizes=\"auto, (max-width: 1024px) 100vw, 1024px\" \/><\/figure><\/div>\n\n\n<p><\/p>\n\n\n\n<p><a href=\"https:\/\/aemoita.pt\/aemoita\/wp-content\/uploads\/2026\/04\/DESPACHO-N.o-4472-A.2026-DE-6-DE-ABRIL.pdf\" target=\"_blank\" rel=\"noreferrer noopener\">Despacho n.\u00ba 4472-A\/2026<\/a> &#8211; Define o calend\u00e1rio das matr\u00edculas e respetivas renova\u00e7\u00f5es, bem como dos prazos que destes dependam, para a educa\u00e7\u00e3o pr\u00e9-escolar e os ensinos b\u00e1sico e secund\u00e1rio.<\/p>\n\n\n\n<p><a href=\"https:\/\/aemoita.pt\/aemoita\/wp-content\/uploads\/2026\/04\/Despacho-Normativo-n.o-7.2026-de-14-de-abril.pdf\" target=\"_blank\" rel=\"noreferrer noopener\">Despacho Normativo n.\u00ba 7\/2026<\/a> &#8211; Procede \u00e0 quinta altera\u00e7\u00e3o ao Despacho Normativo n.\u00ba 6\/2018, de 12 de abril, com a reda\u00e7\u00e3o dada pelo Despacho Normativo n.\u00ba 2-B\/2025, de 21 de mar\u00e7o.<\/p>\n\n\n\n<div style=\"height:27px\" aria-hidden=\"true\" class=\"wp-block-spacer\"><\/div>\n\n\n\n<p class=\"has-medium-font-size\"><strong><mark>Pr\u00e9-Escolar e 1.\u00ba Ciclo<\/mark><\/strong><\/p>\n\n\n\n<ul class=\"wp-block-list\">\n<li><a href=\"https:\/\/aemoita.pt\/aemoita\/wp-content\/uploads\/2026\/04\/1_Aviso-de-abertura_matriculas2026.2027.pdf\" target=\"_blank\" rel=\"noreferrer noopener\">Aviso de abertura_matriculas 2026-2027<\/a><\/li>\n\n\n\n<li><a href=\"https:\/\/aemoita.pt\/aemoita\/wp-content\/uploads\/2026\/04\/2_Estabelecimentos-de-Influencia-do-AEM.pdf\" target=\"_blank\" rel=\"noreferrer noopener\">Estabelecimentos de Influ\u00eancia do AEM<\/a><\/li>\n\n\n\n<li><a href=\"https:\/\/aemoita.pt\/aemoita\/wp-content\/uploads\/2026\/04\/3_Aviso-de-matriculas-fora-de-prazo.pdf\" target=\"_blank\" rel=\"noreferrer noopener\">Aviso de matr\u00edculas fora de prazo<\/a><\/li>\n\n\n\n<li><a href=\"https:\/\/aemoita.pt\/aemoita\/wp-content\/uploads\/2026\/04\/3_Aviso-de-matriculas-fora-de-prazo.pdf\">Prioridades na Matr\u00edcula ou Renova\u00e7\u00e3o de matr\u00edcula na Educa\u00e7\u00e3o Pr\u00e9-Escolar<\/a><\/li>\n\n\n\n<li><a href=\"https:\/\/aemoita.pt\/aemoita\/wp-content\/uploads\/2026\/04\/5_1.o-CEB_PRIORIDADES-NA-MATRICULA-RENOVACAO.pdf\" target=\"_blank\" rel=\"noreferrer noopener\">Prioridades na Matr\u00edcula ou Renova\u00e7\u00e3o de matr\u00edcula no 1.\u00ba CEB<\/a><\/li>\n\n\n\n<li>Notas importantes:\n<ul class=\"wp-block-list\">\n<li><a href=\"https:\/\/aemoita.pt\/aemoita\/wp-content\/uploads\/2026\/04\/6.1_NOTA-IMPORTANTE_matriculas-incompletas.pdf\" target=\"_blank\" rel=\"noreferrer noopener\">Matr\u00edculas incompletas<\/a><\/li>\n\n\n\n<li><a href=\"https:\/\/aemoita.pt\/aemoita\/wp-content\/uploads\/2026\/04\/6.2_NOTA-IMPORTANTE_necessidades-educativas-especificas.pdf\" target=\"_blank\" rel=\"noreferrer noopener\">Necessidades Educativas Espec\u00edficas<\/a><\/li>\n\n\n\n<li><a href=\"https:\/\/aemoita.pt\/aemoita\/wp-content\/uploads\/2026\/04\/6.3_NOTA-IMPORTANTE_matriculas-condicionais.pdf\">Matr\u00edculas condicionais<\/a><\/li>\n<\/ul>\n<\/li>\n<\/ul>\n\n\n\n<div style=\"height:23px\" aria-hidden=\"true\" class=\"wp-block-spacer\"><\/div>\n\n\n\n<p class=\"has-medium-font-size\"><strong><mark>2.\u00ba e 3.\u00baCiclos<\/mark><\/strong><\/p>\n\n\n\n<ul class=\"wp-block-list\">\n<li><a href=\"https:\/\/aemoita.pt\/aemoita\/wp-content\/uploads\/2026\/04\/Matriculas-2026-2027_Informacao-EE.pdf\">Informa\u00e7\u00e3o aos Encarregados de Educa\u00e7\u00e3o 2026\/2027<\/a><\/li>\n<\/ul>\n\n\n\n<div style=\"height:33px\" aria-hidden=\"true\" class=\"wp-block-spacer\"><\/div>\n\n\n\n<p class=\"has-medium-font-size\"><strong><mark>Secund\u00e1rio<\/mark><\/strong><\/p>\n\n\n\n<p>Brevemente<\/p>\n","protected":false},"excerpt":{"rendered":"<p>Despacho n.\u00ba 4472-A\/2026 &#8211; Define o calend\u00e1rio das matr\u00edculas e respetivas renova\u00e7\u00f5es, bem como dos prazos que destes dependam, para a educa\u00e7\u00e3o pr\u00e9-escolar e os ensinos b\u00e1sico e secund\u00e1rio. Despacho Normativo n.\u00ba 7\/2026 &#8211; Procede \u00e0 quinta altera\u00e7\u00e3o ao Despacho Normativo n.\u00ba 6\/2018, de 12 de abril, com a reda\u00e7\u00e3o dada pelo Despacho Normativo n.\u00ba [&hellip;]<\/p>\n","protected":false},"author":1,"featured_media":0,"parent":0,"menu_order":0,"comment_status":"closed","ping_status":"closed","template":"","meta":{"footnotes":""},"class_list":["post-5005","page","type-page","status-publish","hentry"],"_links":{"self":[{"href":"https:\/\/aemoita.pt\/aemoita\/wp-json\/wp\/v2\/pages\/5005","targetHints":{"allow":["GET"]}}],"collection":[{"href":"https:\/\/aemoita.pt\/aemoita\/wp-json\/wp\/v2\/pages"}],"about":[{"href":"https:\/\/aemoita.pt\/aemoita\/wp-json\/wp\/v2\/types\/page"}],"author":[{"embeddable":true,"href":"https:\/\/aemoita.pt\/aemoita\/wp-json\/wp\/v2\/users\/1"}],"replies":[{"embeddable":true,"href":"https:\/\/aemoita.pt\/aemoita\/wp-json\/wp\/v2\/comments?post=5005"}],"version-history":[{"count":28,"href":"https:\/\/aemoita.pt\/aemoita\/wp-json\/wp\/v2\/pages\/5005\/revisions"}],"predecessor-version":[{"id":6454,"href":"https:\/\/aemoita.pt\/aemoita\/wp-json\/wp\/v2\/pages\/5005\/revisions\/6454"}],"wp:attachment":[{"href":"https:\/\/aemoita.pt\/aemoita\/wp-json\/wp\/v2\/media?parent=5005"}],"curies":[{"name":"wp","href":"https:\/\/api.w.org\/{rel}","templated":true}]}}