{"id":5088,"date":"2025-04-29T17:47:15","date_gmt":"2025-04-29T17:47:15","guid":{"rendered":"https:\/\/aemoita.pt\/aemoita\/?page_id=5088"},"modified":"2026-04-14T07:29:30","modified_gmt":"2026-04-14T07:29:30","slug":"melhoria-continua","status":"publish","type":"page","link":"https:\/\/aemoita.pt\/aemoita\/eqavet-fase-de-implementacao\/melhoria-continua\/","title":{"rendered":"Melhoria Cont\u00ednua"},"content":{"rendered":"\n<p><\/p>\n\n\n\n<ul class=\"wp-block-list\">\n<li><a href=\"https:\/\/aemoita.pt\/aemoita\/wp-content\/uploads\/2025\/07\/IndicadoresCiclo-20_23.pdf\" target=\"_blank\" rel=\"noreferrer noopener\">Indicadores EQAVET <\/a><\/li>\n<\/ul>\n\n\n\n<div style=\"height:19px\" aria-hidden=\"true\" class=\"wp-block-spacer\"><\/div>\n\n\n\n<p><strong>Ano Letivo 2025\/2026<\/strong><\/p>\n\n\n\n<ul class=\"wp-block-list\">\n<li><a href=\"https:\/\/aemoita.pt\/aemoita\/wp-content\/uploads\/2026\/02\/Grafico-Indicadores-Alerta-Precoce-_2025_26_1P.pdf\" target=\"_blank\" rel=\"noreferrer noopener\">Indicadores de Alerta Precoce 1.\u00baPer\u00edodo<\/a><\/li>\n\n\n\n<li><a href=\"https:\/\/aemoita.pt\/aemoita\/wp-content\/uploads\/2026\/04\/Grau-Satisfacao-Global-2025_26.pdf\" target=\"_blank\" rel=\"noreferrer noopener\">Grau de Satisfa\u00e7\u00e3o Alunos, Docentes, N\u00e3o Docentes e EE<\/a><\/li>\n<\/ul>\n\n\n\n<div style=\"height:19px\" aria-hidden=\"true\" class=\"wp-block-spacer\"><\/div>\n\n\n\n<p><strong>Ano Letivo 2024\/2025<\/strong><\/p>\n\n\n\n<ul class=\"wp-block-list\">\n<li><a href=\"https:\/\/aemoita.pt\/aemoita\/wp-content\/uploads\/2025\/04\/IndicadoresPrecoces_1o-Periodo-24_25.pdf\">Indicadores Alerta Precoce 1\u00baPer\u00edodo<\/a><\/li>\n\n\n\n<li><a href=\"https:\/\/aemoita.pt\/aemoita\/wp-content\/uploads\/2025\/07\/IndicadoresPrecoces_2o-Periodo-24_25.pdf\" target=\"_blank\" rel=\"noreferrer noopener\">Indicadores Alerta Precoce 2\u00baPer\u00edodo<\/a><\/li>\n\n\n\n<li><a href=\"https:\/\/aemoita.pt\/aemoita\/wp-content\/uploads\/2025\/11\/Indicadores-Alerta-Precoce_3o-Periodo-24_25.pdf\" target=\"_blank\" rel=\"noreferrer noopener\">Indicadores Alerta Precoce 3\u00baPeriodo<\/a><\/li>\n\n\n\n<li><a href=\"https:\/\/aemoita.pt\/aemoita\/wp-content\/uploads\/2025\/11\/Indicadores-Ano-Letivo-24_25.pdf\" target=\"_blank\" rel=\"noreferrer noopener\">Indicadores Anuais<\/a><\/li>\n\n\n\n<li><a href=\"https:\/\/aemoita.pt\/aemoita\/wp-content\/uploads\/2025\/05\/Grau-Satisfacao-Global-2024_25-1.pdf\" data-type=\"link\" data-id=\"https:\/\/aemoita.pt\/aemoita\/wp-content\/uploads\/2025\/05\/Grau-Satisfacao-Global-2024_25.pdf\" target=\"_blank\" rel=\"noreferrer noopener\">Grau de Satisfa\u00e7\u00e3o Alunos, Docentes, N\u00e3o Docentes e EE<\/a><\/li>\n<\/ul>\n\n\n\n<p><\/p>\n","protected":false},"excerpt":{"rendered":"<p>Ano Letivo 2025\/2026 Ano Letivo 2024\/2025<\/p>\n","protected":false},"author":1,"featured_media":0,"parent":984,"menu_order":0,"comment_status":"closed","ping_status":"closed","template":"","meta":{"footnotes":""},"class_list":["post-5088","page","type-page","status-publish","hentry"],"_links":{"self":[{"href":"https:\/\/aemoita.pt\/aemoita\/wp-json\/wp\/v2\/pages\/5088","targetHints":{"allow":["GET"]}}],"collection":[{"href":"https:\/\/aemoita.pt\/aemoita\/wp-json\/wp\/v2\/pages"}],"about":[{"href":"https:\/\/aemoita.pt\/aemoita\/wp-json\/wp\/v2\/types\/page"}],"author":[{"embeddable":true,"href":"https:\/\/aemoita.pt\/aemoita\/wp-json\/wp\/v2\/users\/1"}],"replies":[{"embeddable":true,"href":"https:\/\/aemoita.pt\/aemoita\/wp-json\/wp\/v2\/comments?post=5088"}],"version-history":[{"count":14,"href":"https:\/\/aemoita.pt\/aemoita\/wp-json\/wp\/v2\/pages\/5088\/revisions"}],"predecessor-version":[{"id":6405,"href":"https:\/\/aemoita.pt\/aemoita\/wp-json\/wp\/v2\/pages\/5088\/revisions\/6405"}],"up":[{"embeddable":true,"href":"https:\/\/aemoita.pt\/aemoita\/wp-json\/wp\/v2\/pages\/984"}],"wp:attachment":[{"href":"https:\/\/aemoita.pt\/aemoita\/wp-json\/wp\/v2\/media?parent=5088"}],"curies":[{"name":"wp","href":"https:\/\/api.w.org\/{rel}","templated":true}]}}