{"id":6491,"date":"2026-05-06T22:05:11","date_gmt":"2026-05-06T22:05:11","guid":{"rendered":"https:\/\/aemoita.pt\/aemoita\/?page_id=6491"},"modified":"2026-05-11T17:56:40","modified_gmt":"2026-05-11T17:56:40","slug":"sistemas-de-computacao-e-redes","status":"publish","type":"page","link":"https:\/\/aemoita.pt\/aemoita\/cursos-profissionais\/sistemas-de-computacao-e-redes\/","title":{"rendered":"Sistemas de Computa\u00e7\u00e3o e Redes"},"content":{"rendered":"\n<p class=\"has-vivid-red-color has-text-color has-link-color wp-elements-70c63bb7cb5988a379e2c559102c0ce8\"><strong>VAIS APRENDER:<\/strong><strong><\/strong><\/p>\n\n\n\n<ul class=\"wp-block-list\">\n<li>Montar e reparar computadores<\/li>\n\n\n\n<li>Criar redes inform\u00e1ticas<\/li>\n\n\n\n<li>Gerir redes inform\u00e1ticas<\/li>\n\n\n\n<li>Garantir a seguran\u00e7a digital<\/li>\n<\/ul>\n\n\n\n<p class=\"has-vivid-red-color has-text-color has-link-color wp-elements-935abdfd1a3bfa37eba1f20db72836aa\"><strong>VAIS TER ACESSO:<\/strong><strong><\/strong><\/p>\n\n\n\n<ul class=\"wp-block-list\">\n<li>Forma\u00e7\u00e3o pr\u00e1tica com equipamentos reais&nbsp;<\/li>\n\n\n\n<li>Redes e servidores profissionais<\/li>\n\n\n\n<li>Laborat\u00f3rios de inform\u00e1tica&nbsp;<\/li>\n\n\n\n<li>Prosseguimento de estudos no ensino superior<\/li>\n\n\n\n<li>Entrar no mercado de Trabalho<\/li>\n<\/ul>\n\n\n\n<p class=\"has-vivid-red-color has-text-color has-link-color wp-elements-39b9f9a5b500bd47c6a30c158beba256\"><strong>VAIS TRABALHAR:<\/strong><strong><\/strong><\/p>\n\n\n\n<ul class=\"wp-block-list\">\n<li>Empresas de inform\u00e1tica<\/li>\n\n\n\n<li>Gest\u00e3o de redes (internet, servidores, empresas)<\/li>\n\n\n\n<li>Manuten\u00e7\u00e3o e repara\u00e7\u00e3o de computadores<\/li>\n\n\n\n<li>Seguran\u00e7a inform\u00e1tica<\/li>\n\n\n\n<li>Escolas, autarquias e servi\u00e7os p\u00fablicos<\/li>\n\n\n\n<li>Suporte t\u00e9cnico a utilizadores&nbsp;&nbsp;<\/li>\n<\/ul>\n\n\n\n<p><strong>O TEU FUTURO COME\u00c7A AQUI<\/strong>!<\/p>\n\n\n\n<p><strong>Pr\u00e9-inscri\u00e7\u00e3o dispon\u00edvel aqui:<\/strong><\/p>\n\n\n<div class=\"wp-block-image\">\n<figure class=\"aligncenter size-full is-resized\"><img loading=\"lazy\" decoding=\"async\" width=\"358\" height=\"368\" src=\"https:\/\/aemoita.pt\/aemoita\/wp-content\/uploads\/2026\/04\/qrcode_inscricao.png\" alt=\"\" class=\"wp-image-6407\" style=\"width:190px;height:auto\" srcset=\"https:\/\/aemoita.pt\/aemoita\/wp-content\/uploads\/2026\/04\/qrcode_inscricao.png 358w, https:\/\/aemoita.pt\/aemoita\/wp-content\/uploads\/2026\/04\/qrcode_inscricao-292x300.png 292w\" sizes=\"auto, (max-width: 358px) 100vw, 358px\" \/><\/figure><\/div>\n\n\n<p class=\"has-text-align-right\"><strong><a href=\"https:\/\/docs.google.com\/forms\/d\/e\/1FAIpQLSeHJkKLL_R_mE5AhQ9j6wqpd8TtBypGkSFe0PYBRzCw9JBvPA\/viewform\" target=\"_blank\" rel=\"noreferrer noopener\">Fa\u00e7a a sua pr\u00e9-inscri\u00e7\u00e3o aqui.<\/a><\/strong><\/p>\n\n\n\n<p class=\"has-text-align-center\"><strong>Plano de estudos<\/strong><\/p>\n\n\n\n<figure class=\"wp-block-table\"><table class=\"has-fixed-layout\"><tbody><tr><td><strong>Componente Forma\u00e7\u00e3o<\/strong><\/td><td><strong>Disciplinas<\/strong><\/td><td><strong>Carga Hor\u00e1ria (3 anos)<\/strong><\/td><td><strong>Unidades Cr\u00e9dito<\/strong><\/td><\/tr><tr><td rowspan=\"5\">Sociocultural (1)<\/td><td>Portugu\u00eas<\/td><td>320<\/td><td rowspan=\"7\">70<\/td><\/tr><tr><td>L\u00edngua Estrangeira I, II, ou III<\/td><td>220<\/td><\/tr><tr><td>TIC<\/td><td>100<\/td><\/tr><tr><td>\u00c1rea de Integra\u00e7\u00e3o<\/td><td>220<\/td><\/tr><tr><td>Educa\u00e7\u00e3o F\u00edsica<\/td><td>140<\/td><\/tr><tr><td rowspan=\"2\">Cient\u00edfica (2)<\/td><td>Matem\u00e1tica<\/td><td>300<\/td><\/tr><tr><td>F\u00edsica e Qu\u00edmica<\/td><td>200<\/td><\/tr><tr><td>Tecnol\u00f3gica (3)<\/td><td>\u00c1rea a desenvolver de acordo com a Unidades de Compet\u00eancia (UC) previstas no respectivo Referencial de Forma\u00e7\u00e3o .<\/td><td>1075<\/td><td>96,75<\/td><\/tr><tr><td>Pr\u00e1tica (4)<\/td><td>FCT<\/td><td>600<\/td><td>20<\/td><\/tr><tr><td colspan=\"2\"><strong>Total (1+2+3+4)<\/strong><\/td><td><strong>3175<\/strong><\/td><td><strong>186,75<\/strong><\/td><\/tr><\/tbody><\/table><\/figure>\n\n\n\n<p><\/p>\n\n\n\n<div class=\"wp-block-columns is-layout-flex wp-container-core-columns-is-layout-9d6595d7 wp-block-columns-is-layout-flex\">\n<div class=\"wp-block-column is-layout-flow wp-block-column-is-layout-flow\" style=\"flex-basis:33.33%\">\n<p class=\"has-medium-font-size\"><strong><span class=\"has-inline-color has-vivid-red-color\">I<\/span><\/strong>nput<br><strong><span class=\"has-inline-color has-vivid-red-color\">N<\/span><\/strong>etwork<br><strong><span class=\"has-inline-color has-vivid-red-color\">F<\/span><\/strong>reeze<br><strong><span class=\"has-inline-color has-vivid-red-color\">O<\/span><\/strong>utput<br><strong><span class=\"has-inline-color has-vivid-red-color\">R<\/span><\/strong>am<br><strong><span class=\"has-inline-color has-vivid-red-color\">M<\/span><\/strong>ega<br><strong><span class=\"has-inline-color has-vivid-red-color\">A<\/span><\/strong>ccess<br><strong><span class=\"has-inline-color has-vivid-red-color\">T<\/span><\/strong>oolbar<br><strong><span class=\"has-inline-color has-vivid-red-color\">I<\/span><\/strong>nbox<br><strong><span class=\"has-inline-color has-vivid-red-color\">C<\/span><\/strong>hip<br><strong><span class=\"has-inline-color has-vivid-red-color\">A<\/span><\/strong>pps<\/p>\n<\/div>\n\n\n\n<div class=\"wp-block-column is-layout-flow wp-block-column-is-layout-flow\" style=\"flex-basis:66.66%\">\n<p>Passas horas ligado ao computador? Tens interesse por <span style=\"color:#0078D7; font-weight:bold;\">redes<\/span>, <span style=\"color:#E67E22; font-weight:bold;\">hardware<\/span> e <span style=\"color:#27AE60; font-weight:bold;\">tecnologia<\/span>?<br> Gostas de perceber como os sistemas comunicam e como tudo funciona <span style=\"color:#8E44AD; font-weight:bold;\">\u201cdo outro lado do ecr\u00e3\u201d<\/span>?<br> \u00c9s curioso, gostas de resolver problemas e enfrentar <span style=\"color:#C0392B; font-weight:bold;\">desafios tecnol\u00f3gicos<\/span>?<\/p>\n\n\n\n<p>Ent\u00e3o, o curso de <span style=\"color:#0078D7; font-weight:bold;\"> Sistemas de Computa\u00e7\u00e3o e Redes <\/span> \u00e9 para ti!<\/p>\n\n\n\n<p>Entra em liga\u00e7\u00e3o com o futuro e descobre o mundo das \n    <span style=\"color:#0078D7; font-weight:bold;\">redes<\/span>, \n    <span style=\"color:#E67E22; font-weight:bold;\">servidores<\/span>, \n    <span style=\"color:#C0392B; font-weight:bold;\">seguran\u00e7a inform\u00e1tica<\/span> \n    e \n    <span style=\"color:#27AE60; font-weight:bold;\">manuten\u00e7\u00e3o de sistemas<\/span>. \n    \n    Aqui vais aprender a \n    <span style=\"color:#8E44AD; font-weight:bold;\">montar<\/span>, \n    <span style=\"color:#16A085; font-weight:bold;\">configurar<\/span> \n    e \n    <span style=\"color:#D35400; font-weight:bold;\">gerir infraestruturas tecnol\u00f3gicas<\/span> \n    essenciais no mundo digital.<\/p>\n\n\n\n<p>N\u00e3o fiques em <span style=\"color:#C0392B; font-weight:bold;\"> \u201cmodo offline\u201d\n    <\/span>&#8230; estabelece a tua <span style=\"color:#0078D7; font-weight:bold;\"> CONEX\u00c3O<\/span> com o sucesso!<\/p>\n\n\n\n<p>Liga-te \u00e0 <span style=\"color:#0078D7; font-weight:bold;\"> REDE <\/span> certa, faz \n    <span style=\"color:#27AE60; font-weight:bold;\"> UPGRADE <\/span> \n    ao teu futuro e segue o <span style=\"color:#E67E22; font-weight:bold;\"> PACKET <\/span> dos teus objetivos!<\/p>\n\n\n\n<p> Vem fazer parte da nossa <span style=\"color: blue;\">NETWORK<\/span>!<br>\n\n    N\u00e3o deixes o teu futuro em <span style=\"color: red;\">STANDBY<\/span>\u2026    \n    faz <span style=\"color: green;\">BOOT<\/span> \u00e0 tua carreira em Sistemas de Computa\u00e7\u00e3o e Redes!&nbsp;<\/p>\n<\/div>\n<\/div>\n\n\n\n<figure class=\"wp-block-image size-large\"><img loading=\"lazy\" decoding=\"async\" width=\"1024\" height=\"683\" src=\"https:\/\/aemoita.pt\/aemoita\/wp-content\/uploads\/2026\/05\/Computacao_redes-1024x683.png\" alt=\"\" class=\"wp-image-6493\" srcset=\"https:\/\/aemoita.pt\/aemoita\/wp-content\/uploads\/2026\/05\/Computacao_redes-1024x683.png 1024w, https:\/\/aemoita.pt\/aemoita\/wp-content\/uploads\/2026\/05\/Computacao_redes-300x200.png 300w, https:\/\/aemoita.pt\/aemoita\/wp-content\/uploads\/2026\/05\/Computacao_redes-768x512.png 768w, https:\/\/aemoita.pt\/aemoita\/wp-content\/uploads\/2026\/05\/Computacao_redes.png 1536w\" sizes=\"auto, (max-width: 1024px) 100vw, 1024px\" \/><\/figure>\n\n\n\n<p><\/p>\n","protected":false},"excerpt":{"rendered":"<p>VAIS APRENDER: VAIS TER ACESSO: VAIS TRABALHAR: O TEU FUTURO COME\u00c7A AQUI! Pr\u00e9-inscri\u00e7\u00e3o dispon\u00edvel aqui: Fa\u00e7a a sua pr\u00e9-inscri\u00e7\u00e3o aqui. Plano de estudos Componente Forma\u00e7\u00e3o Disciplinas Carga Hor\u00e1ria (3 anos) Unidades Cr\u00e9dito Sociocultural (1) Portugu\u00eas 320 70 L\u00edngua Estrangeira I, II, ou III 220 TIC 100 \u00c1rea de Integra\u00e7\u00e3o 220 Educa\u00e7\u00e3o F\u00edsica 140 Cient\u00edfica (2) [&hellip;]<\/p>\n","protected":false},"author":1,"featured_media":0,"parent":450,"menu_order":0,"comment_status":"closed","ping_status":"closed","template":"","meta":{"footnotes":""},"class_list":["post-6491","page","type-page","status-publish","hentry"],"_links":{"self":[{"href":"https:\/\/aemoita.pt\/aemoita\/wp-json\/wp\/v2\/pages\/6491","targetHints":{"allow":["GET"]}}],"collection":[{"href":"https:\/\/aemoita.pt\/aemoita\/wp-json\/wp\/v2\/pages"}],"about":[{"href":"https:\/\/aemoita.pt\/aemoita\/wp-json\/wp\/v2\/types\/page"}],"author":[{"embeddable":true,"href":"https:\/\/aemoita.pt\/aemoita\/wp-json\/wp\/v2\/users\/1"}],"replies":[{"embeddable":true,"href":"https:\/\/aemoita.pt\/aemoita\/wp-json\/wp\/v2\/comments?post=6491"}],"version-history":[{"count":4,"href":"https:\/\/aemoita.pt\/aemoita\/wp-json\/wp\/v2\/pages\/6491\/revisions"}],"predecessor-version":[{"id":6537,"href":"https:\/\/aemoita.pt\/aemoita\/wp-json\/wp\/v2\/pages\/6491\/revisions\/6537"}],"up":[{"embeddable":true,"href":"https:\/\/aemoita.pt\/aemoita\/wp-json\/wp\/v2\/pages\/450"}],"wp:attachment":[{"href":"https:\/\/aemoita.pt\/aemoita\/wp-json\/wp\/v2\/media?parent=6491"}],"curies":[{"name":"wp","href":"https:\/\/api.w.org\/{rel}","templated":true}]}}