{"id":6582,"date":"2026-05-16T13:38:52","date_gmt":"2026-05-16T13:38:52","guid":{"rendered":"https:\/\/aemoita.pt\/aemoita\/?page_id=6582"},"modified":"2026-05-16T13:38:53","modified_gmt":"2026-05-16T13:38:53","slug":"concurso-nacional-de-acesso-ao-ensino-superior-2026-2027","status":"publish","type":"page","link":"https:\/\/aemoita.pt\/aemoita\/concurso-nacional-de-acesso-ao-ensino-superior-2026-2027\/","title":{"rendered":"Concurso Nacional de Acesso ao Ensino Superior 2026\/2027"},"content":{"rendered":"\n<p><strong>Legisla\u00e7\u00e3o<\/strong><\/p>\n\n\n\n<p><a href=\"https:\/\/aemoita.pt\/aemoita\/wp-content\/uploads\/2026\/05\/Portaria-n.o-219-2026-1-de-12-de-maio.pdf\" target=\"_blank\" rel=\"noreferrer noopener\">Portaria n.\u00ba 219\/2026\/1, de 12 de maio &#8211; Aprova\u00a0o\u00a0Regulamento do Concurso Nacional de Acesso e Ingresso no Ensino Superior P\u00fablico para a Matr\u00edcula e Inscri\u00e7\u00e3o no Ano Letivo de 2026-2027.<\/a><\/p>\n\n\n\n<p><strong>Contingente priorit\u00e1rio para candidatos com defici\u00eancia<\/strong>&nbsp;<strong>(Informa\u00e7\u00e3o)<\/strong><\/p>\n\n\n\n<p>No \u00e2mbito da candidatura ao Concurso Nacional de Acesso ao Ensino Superior P\u00fablico para matr\u00edcula e inscri\u00e7\u00e3o no ano letivo 2026-2027, os estudantes que pretendam concorrer atrav\u00e9s do&nbsp;<strong>contingente priorit\u00e1rio para candidatos com defici\u00eancia<\/strong>, apenas poder\u00e3o ser admitidos se forem titulares de um atestado m\u00e9dico de incapacidade&nbsp;multi\u00faso&nbsp;v\u00e1lido, que comprove um grau de incapacidade igual ou superior a 60 %.&nbsp;&nbsp;<\/p>\n\n\n\n<p>Assim, os estudantes que pretendam concorrer atrav\u00e9s deste contingente, dever\u00e3o submeter, na plataforma de candidatura online, o respetivo atestado de incapacidade multiuso, o qual dever\u00e1 encontrar-se v\u00e1lido \u00e0 data da candidatura. A submiss\u00e3o do atestado m\u00e9dico de incapacidade multi\u00faso que comprove uma incapacidade igual ou superior a 60 % e v\u00e1lido \u00e0 data da candidatura, determina a admiss\u00e3o autom\u00e1tica da candidatura a este contingente priorit\u00e1rio.<\/p>\n\n\n\n<p>Ao contr\u00e1rio do que sucedia em anos anteriores,&nbsp;<strong>no presente ano n\u00e3o \u00e9 poss\u00edvel solicitar a admiss\u00e3o ao contingente priorit\u00e1rio com base na titularidade de medidas adicionais de suporte \u00e0 aprendizagem.<\/strong><\/p>\n\n\n\n<p>Informa-se ainda que os estudantes que n\u00e3o sejam titulares de atestado de incapacidade multi\u00faso, mas que re\u00fanam condi\u00e7\u00f5es para a sua atribui\u00e7\u00e3o, dever\u00e3o solicit\u00e1-lo com a maior brevidade poss\u00edvel junto das entidades competentes, de forma a poderem comprovar atempadamente a respetiva situa\u00e7\u00e3o no \u00e2mbito da candidatura ao ensino superior.<\/p>\n","protected":false},"excerpt":{"rendered":"<p>Legisla\u00e7\u00e3o Portaria n.\u00ba 219\/2026\/1, de 12 de maio &#8211; Aprova\u00a0o\u00a0Regulamento do Concurso Nacional de Acesso e Ingresso no Ensino Superior P\u00fablico para a Matr\u00edcula e Inscri\u00e7\u00e3o no Ano Letivo de 2026-2027. Contingente priorit\u00e1rio para candidatos com defici\u00eancia&nbsp;(Informa\u00e7\u00e3o) No \u00e2mbito da candidatura ao Concurso Nacional de Acesso ao Ensino Superior P\u00fablico para matr\u00edcula e inscri\u00e7\u00e3o no [&hellip;]<\/p>\n","protected":false},"author":1,"featured_media":0,"parent":0,"menu_order":0,"comment_status":"closed","ping_status":"closed","template":"","meta":{"footnotes":""},"class_list":["post-6582","page","type-page","status-publish","hentry"],"_links":{"self":[{"href":"https:\/\/aemoita.pt\/aemoita\/wp-json\/wp\/v2\/pages\/6582","targetHints":{"allow":["GET"]}}],"collection":[{"href":"https:\/\/aemoita.pt\/aemoita\/wp-json\/wp\/v2\/pages"}],"about":[{"href":"https:\/\/aemoita.pt\/aemoita\/wp-json\/wp\/v2\/types\/page"}],"author":[{"embeddable":true,"href":"https:\/\/aemoita.pt\/aemoita\/wp-json\/wp\/v2\/users\/1"}],"replies":[{"embeddable":true,"href":"https:\/\/aemoita.pt\/aemoita\/wp-json\/wp\/v2\/comments?post=6582"}],"version-history":[{"count":1,"href":"https:\/\/aemoita.pt\/aemoita\/wp-json\/wp\/v2\/pages\/6582\/revisions"}],"predecessor-version":[{"id":6584,"href":"https:\/\/aemoita.pt\/aemoita\/wp-json\/wp\/v2\/pages\/6582\/revisions\/6584"}],"wp:attachment":[{"href":"https:\/\/aemoita.pt\/aemoita\/wp-json\/wp\/v2\/media?parent=6582"}],"curies":[{"name":"wp","href":"https:\/\/api.w.org\/{rel}","templated":true}]}}